{"id":156,"date":"2015-01-01T17:10:51","date_gmt":"2015-01-01T15:10:51","guid":{"rendered":"http:\/\/test.ferienhaus-buchholz-horumersiel.de\/?page_id=156"},"modified":"2015-01-02T20:15:44","modified_gmt":"2015-01-02T18:15:44","slug":"hooksiel","status":"publish","type":"page","link":"https:\/\/ferienhaus-buchholz-horumersiel.de\/?page_id=156","title":{"rendered":"Hooksiel"},"content":{"rendered":"<p>Am Hooksmeer, einem ca. 60 ha gro\u00dfen Binnenmeer ist gezeitenunabh\u00e4ngiger Wassersport m\u00f6glich, hier finden sich beispielsweise eine Surfschule, eine Segelschule und eine Wasserski Anlage.<\/p>\n<p>Blokartfield 52 am Au\u00dfenhafen Hooksiel ist die bisher einzige Landsegelanlage Deutschlands<\/p>\n<p>Der Hooksieler Rennverein e.V. bietet im Sommer regelm\u00e4\u00dfig verschiedene Rennen.<\/p>\n<p>&nbsp;<\/p>\n<p><a href=\"http:\/\/www.hooksiel.de\">http:\/\/www.hooksiel.de<\/a><\/p>\n","protected":false},"excerpt":{"rendered":"<p>Am Hooksmeer, einem ca. 60 ha gro\u00dfen Binnenmeer ist gezeitenunabh\u00e4ngiger Wassersport m\u00f6glich, hier finden sich beispielsweise eine Surfschule, eine Segelschule und eine Wasserski Anlage. Blokartfield 52 am Au\u00dfenhafen Hooksiel ist die bisher einzige Landsegelanlage Deutschlands Der Hooksieler Rennverein e.V. bietet im Sommer regelm\u00e4\u00dfig verschiedene Rennen. <span class=\"ellipsis\">&hellip;<\/span> <span class=\"more-link-wrap\"><a href=\"https:\/\/ferienhaus-buchholz-horumersiel.de\/?page_id=156\" class=\"more-link\"><span>Read More<\/span><\/a><\/span><\/p>\n","protected":false},"author":2,"featured_media":0,"parent":115,"menu_order":2,"comment_status":"closed","ping_status":"open","template":"","meta":{"footnotes":""},"class_list":["post-156","page","type-page","status-publish","hentry"],"jetpack_sharing_enabled":true,"_links":{"self":[{"href":"https:\/\/ferienhaus-buchholz-horumersiel.de\/index.php?rest_route=\/wp\/v2\/pages\/156","targetHints":{"allow":["GET"]}}],"collection":[{"href":"https:\/\/ferienhaus-buchholz-horumersiel.de\/index.php?rest_route=\/wp\/v2\/pages"}],"about":[{"href":"https:\/\/ferienhaus-buchholz-horumersiel.de\/index.php?rest_route=\/wp\/v2\/types\/page"}],"author":[{"embeddable":true,"href":"https:\/\/ferienhaus-buchholz-horumersiel.de\/index.php?rest_route=\/wp\/v2\/users\/2"}],"replies":[{"embeddable":true,"href":"https:\/\/ferienhaus-buchholz-horumersiel.de\/index.php?rest_route=%2Fwp%2Fv2%2Fcomments&post=156"}],"version-history":[{"count":8,"href":"https:\/\/ferienhaus-buchholz-horumersiel.de\/index.php?rest_route=\/wp\/v2\/pages\/156\/revisions"}],"predecessor-version":[{"id":181,"href":"https:\/\/ferienhaus-buchholz-horumersiel.de\/index.php?rest_route=\/wp\/v2\/pages\/156\/revisions\/181"}],"up":[{"embeddable":true,"href":"https:\/\/ferienhaus-buchholz-horumersiel.de\/index.php?rest_route=\/wp\/v2\/pages\/115"}],"wp:attachment":[{"href":"https:\/\/ferienhaus-buchholz-horumersiel.de\/index.php?rest_route=%2Fwp%2Fv2%2Fmedia&parent=156"}],"curies":[{"name":"wp","href":"https:\/\/api.w.org\/{rel}","templated":true}]}}