{"id":154,"date":"2015-01-01T17:09:55","date_gmt":"2015-01-01T15:09:55","guid":{"rendered":"http:\/\/test.ferienhaus-buchholz-horumersiel.de\/?page_id=154"},"modified":"2015-01-02T20:29:48","modified_gmt":"2015-01-02T18:29:48","slug":"horumersiel-schillig","status":"publish","type":"page","link":"https:\/\/ferienhaus-buchholz-horumersiel.de\/?page_id=154","title":{"rendered":"Horumersiel-Schillig"},"content":{"rendered":"<p>Horumersiel punktet mit Rasenstrand und Yachthafen, Frieslandtherme und vielf\u00e4ltigem Gastronomieangebot,<\/p>\n<p>Schillig mit Sandstrand und einem der gr\u00f6\u00dften Campingpl\u00e4tze Deutschlands.<\/p>\n<p>&nbsp;<\/p>\n<p><a href=\"http:\/\/horumersiel.de\">http:\/\/horumersiel.de<\/a><\/p>\n<p><a href=\"http:\/\/www.horumersiel-schillig.de\">http:\/\/www.horumersiel-schillig.de<\/a><\/p>\n<p><a href=\"http:\/\/wangerland.de\">http:\/\/wangerland.de<\/a><\/p>\n","protected":false},"excerpt":{"rendered":"<p>Horumersiel punktet mit Rasenstrand und Yachthafen, Frieslandtherme und vielf\u00e4ltigem Gastronomieangebot, Schillig mit Sandstrand und einem der gr\u00f6\u00dften Campingpl\u00e4tze Deutschlands. &nbsp; http:\/\/horumersiel.de http:\/\/www.horumersiel-schillig.de http:\/\/wangerland.de<\/p>\n","protected":false},"author":2,"featured_media":0,"parent":115,"menu_order":1,"comment_status":"closed","ping_status":"open","template":"","meta":{"footnotes":""},"class_list":["post-154","page","type-page","status-publish","hentry"],"jetpack_sharing_enabled":true,"_links":{"self":[{"href":"https:\/\/ferienhaus-buchholz-horumersiel.de\/index.php?rest_route=\/wp\/v2\/pages\/154","targetHints":{"allow":["GET"]}}],"collection":[{"href":"https:\/\/ferienhaus-buchholz-horumersiel.de\/index.php?rest_route=\/wp\/v2\/pages"}],"about":[{"href":"https:\/\/ferienhaus-buchholz-horumersiel.de\/index.php?rest_route=\/wp\/v2\/types\/page"}],"author":[{"embeddable":true,"href":"https:\/\/ferienhaus-buchholz-horumersiel.de\/index.php?rest_route=\/wp\/v2\/users\/2"}],"replies":[{"embeddable":true,"href":"https:\/\/ferienhaus-buchholz-horumersiel.de\/index.php?rest_route=%2Fwp%2Fv2%2Fcomments&post=154"}],"version-history":[{"count":4,"href":"https:\/\/ferienhaus-buchholz-horumersiel.de\/index.php?rest_route=\/wp\/v2\/pages\/154\/revisions"}],"predecessor-version":[{"id":186,"href":"https:\/\/ferienhaus-buchholz-horumersiel.de\/index.php?rest_route=\/wp\/v2\/pages\/154\/revisions\/186"}],"up":[{"embeddable":true,"href":"https:\/\/ferienhaus-buchholz-horumersiel.de\/index.php?rest_route=\/wp\/v2\/pages\/115"}],"wp:attachment":[{"href":"https:\/\/ferienhaus-buchholz-horumersiel.de\/index.php?rest_route=%2Fwp%2Fv2%2Fmedia&parent=154"}],"curies":[{"name":"wp","href":"https:\/\/api.w.org\/{rel}","templated":true}]}}