{"id":148,"date":"2015-01-01T16:52:21","date_gmt":"2015-01-01T14:52:21","guid":{"rendered":"http:\/\/test.ferienhaus-buchholz-horumersiel.de\/?page_id=148"},"modified":"2015-04-23T09:51:56","modified_gmt":"2015-04-23T07:51:56","slug":"weiteres","status":"publish","type":"page","link":"https:\/\/ferienhaus-buchholz-horumersiel.de\/?page_id=148","title":{"rendered":"Weiteres"},"content":{"rendered":"<p><a href=\"https:\/\/ferienhaus-buchholz-horumersiel.de\/wp-content\/uploads\/2015\/01\/Leuchturmk.jpg\"><img loading=\"lazy\" decoding=\"async\" class=\"alignnone size-medium wp-image-242\" src=\"https:\/\/ferienhaus-buchholz-horumersiel.de\/wp-content\/uploads\/2015\/01\/Leuchturmk-300x200.jpg\" alt=\"Leuchturmk\" width=\"300\" height=\"200\" srcset=\"https:\/\/ferienhaus-buchholz-horumersiel.de\/wp-content\/uploads\/2015\/01\/Leuchturmk-300x200.jpg 300w, https:\/\/ferienhaus-buchholz-horumersiel.de\/wp-content\/uploads\/2015\/01\/Leuchturmk.jpg 1000w\" sizes=\"auto, (max-width: 300px) 100vw, 300px\" \/><\/a><\/p>\n<p>Ein <strong>Waschtrockner<\/strong> befindet sich im Schuppen neben der Eingangst\u00fcr.<\/p>\n<p>Ein <strong>Grill<\/strong> ist im Abstellraum neben der Terrasse.<\/p>\n<p><strong>Bettw\u00e4sche<\/strong>, <strong>Handt\u00fccher<\/strong> und Geschirrt\u00fccher sind vom Mieter mitzubringen, <strong>140 cm Spannbettt\u00fccher<\/strong> sind jedoch vorhanden. (Schrank Schlafzimmer)<\/p>\n<p><span style=\"color: #ff0000;\"><strong>Kurtaxe<\/strong> wird direkt bei Schl\u00fcssel\u00fcbergabe bezahlt<\/span><\/p>\n<p><strong>Einkaufen<\/strong> z.B. beim EDEKA, ca 300m entfernt.<\/p>\n<p><strong>M\u00fcll<\/strong> laut Abfallkalender, die Tonnen bitte zu den Anderen am Wendehammer<\/p>\n","protected":false},"excerpt":{"rendered":"<p>Ein Waschtrockner befindet sich im Schuppen neben der Eingangst\u00fcr. Ein Grill ist im Abstellraum neben der Terrasse. Bettw\u00e4sche, Handt\u00fccher und Geschirrt\u00fccher sind vom Mieter mitzubringen, 140 cm Spannbettt\u00fccher sind jedoch vorhanden. (Schrank Schlafzimmer) Kurtaxe wird direkt bei Schl\u00fcssel\u00fcbergabe bezahlt Einkaufen z.B. beim EDEKA, ca 300m <span class=\"ellipsis\">&hellip;<\/span> <span class=\"more-link-wrap\"><a href=\"https:\/\/ferienhaus-buchholz-horumersiel.de\/?page_id=148\" class=\"more-link\"><span>Read More<\/span><\/a><\/span><\/p>\n","protected":false},"author":2,"featured_media":0,"parent":54,"menu_order":4,"comment_status":"closed","ping_status":"open","template":"","meta":{"footnotes":""},"class_list":["post-148","page","type-page","status-publish","hentry"],"jetpack_sharing_enabled":true,"_links":{"self":[{"href":"https:\/\/ferienhaus-buchholz-horumersiel.de\/index.php?rest_route=\/wp\/v2\/pages\/148","targetHints":{"allow":["GET"]}}],"collection":[{"href":"https:\/\/ferienhaus-buchholz-horumersiel.de\/index.php?rest_route=\/wp\/v2\/pages"}],"about":[{"href":"https:\/\/ferienhaus-buchholz-horumersiel.de\/index.php?rest_route=\/wp\/v2\/types\/page"}],"author":[{"embeddable":true,"href":"https:\/\/ferienhaus-buchholz-horumersiel.de\/index.php?rest_route=\/wp\/v2\/users\/2"}],"replies":[{"embeddable":true,"href":"https:\/\/ferienhaus-buchholz-horumersiel.de\/index.php?rest_route=%2Fwp%2Fv2%2Fcomments&post=148"}],"version-history":[{"count":3,"href":"https:\/\/ferienhaus-buchholz-horumersiel.de\/index.php?rest_route=\/wp\/v2\/pages\/148\/revisions"}],"predecessor-version":[{"id":243,"href":"https:\/\/ferienhaus-buchholz-horumersiel.de\/index.php?rest_route=\/wp\/v2\/pages\/148\/revisions\/243"}],"up":[{"embeddable":true,"href":"https:\/\/ferienhaus-buchholz-horumersiel.de\/index.php?rest_route=\/wp\/v2\/pages\/54"}],"wp:attachment":[{"href":"https:\/\/ferienhaus-buchholz-horumersiel.de\/index.php?rest_route=%2Fwp%2Fv2%2Fmedia&parent=148"}],"curies":[{"name":"wp","href":"https:\/\/api.w.org\/{rel}","templated":true}]}}